se 7?
-114141662
What is 168048 (base 9) in base 2?
11001011101100011
-60652 (base 10) to base 16
-ecec
Convert -5906606 (base 11) to base 7.
-153453515
17221707 (base 9) to base 7
133254421
Convert -60265137 (base 8) to base 11.
-7178475
-603626 (base 8) to base 5
-22323200
Convert 232003231303 (base 4) to base 14.
1864135
-4801848 (base 9) to base 8
-11725231
285a0b (base 12) to base 5
133024033
305501503 (base 6) to base 10
5311407
-a9501 (base 11) to base 2
-100110110100010011
-9149 (base 14) to base 9
-37210
Convert -11413431 (base 5) to base 6.
-2145022
203304424 (base 5) to base 13
234634
10000100011100011100010 (base 2) to base 13
b8c515
-120211100212 (base 3) to base 14
-81777
-1011101000101011011 (base 2) to base 4
-1131011123
-10628620 (base 9) to base 12
-1888269
Convert -1254241 (base 7) to base 8.
-501637
What is -310efb (base 16) in base 3?
-20001100021202
Convert 2020020200101 (base 3) to base 12.
49230a
What is -83846 (base 10) in base 5?
-10140341
11150047 (base 8) to base 2
1001001101000000100111
1110221423 (base 5) to base 4
21101022231
Convert -13012324 (base 6) to base 12.
-1840a4
Convert -1252003423 (base 6) to base 5.
-12310240402
62615 (base 8) to base 10
25997
Convert 2515324 (base 6) to base 16.
20e24
-110224245 (base 6) to base 5
-1001304121
What is -2200122131 (base 4) in base 8?
-2403235
Convert 140430 (base 11) to base 15.
45357
-1664560 (base 9) to base 6
-31522300
Convert -111111110101111100100 (base 2) to base 5.
-1013421004
Convert -13391bc (base 14) to base 8.
-43323362
80837 (base 10) to base 5
10041322
What is -1011483 (base 9) in base 14?
-100694
What is 4222361 (base 7) in base 13?
14b112
Convert -293082 (base 10) to base 3.
-112220000220
4032151 (base 6) to base 10
191011
-3334240123 (base 5) to base 13
-169b68c
Convert -3245652 (base 8) to base 6.
-30401550
What is 100010110111011100 (base 2) in base 15?
2c4ac
What is -1103233 (base 4) in base 13?
-2593
Convert 6e1e6e (base 15) to base 5.
2322143004
What is -2cbb8 (base 16) in base 10?
-183224
-c23bc8 (base 13) to base 9
-8450883
Convert -12529 (base 11) to base 12.
-a46b
-104545343 (base 6) to base 16
-1d2adf
What is 1020001102220 (base 3) in base 5?
131304324
Convert -40029 (base 11) to base 6.
-1131135
449858 (base 10) to base 16
6dd42
What is 453024 (base 6) in base 3?
1221110121
Convert 115553422 (base 6) to base 2.
1000100010101000010110
99134 (base 11) to base 16
23222
What is 43130322 (base 5) in base 12?
156aba
What is -10200302 (base 4) in base 15?
-5722
Convert -1595a6 (base 11) to base 9.
-415675
Convert 271b64 (base 14) to base 15.
1b9ced
Convert 2c425 (base 14) to base 10.
110577
Convert -2423c3c (base 14) to base 16.
-107f1ae
Convert 14314124 (base 7) to base 9.
2474582
5108705 (base 9) to base 6
134204522
24a7 (base 15) to base 13
3727
Convert 145a6 (base 16) to base 2.
10100010110100110
What is 2f1ee (base 16) in base 8?
570756
-1010100100001110001 (base 2) to base 8
-1244161
44121 (base 7) to base 10
11040
Convert 10112002120212 (base 3) to base 14.
36a1bd
What is 3030a8 (base 15) in base 13?
6217b5
2471840 (base 9) to base 4
11020231302
What is -7510762 (base 8) in base 16?
-1e91f2
What is -9d0bf (base 16) in base 11?
-3aa325
-1211202221202 (base 3) to base 11
-60a105
Convert -379420 (base 12) to base 8.
-3355030
What is -56291a (base 12) in base 2?
-101001111010010100110
-57615030 (base 8) to base 3
-212120021202221
What is -2421116 (base 7) in base 3?
-120122010112
Convert 201010112 (base 4) to base 13.
4985c
23249 (base 13) to base 12
31128
-130024 (base 10) to base 3
-20121100201
Convert 111020111222 (base 3) to base 7.
2133566
Convert -7198aa (base 11) to base 12.
-478535
-4110144 (base 5) to base 10
-66299
What is 2a5354 (base 14) in base 13?
3c8003
What is -2e3a1 (base 15) in base 5?
-14234301
31355 (base 14) to base 11
81169
-1c3a3 (base 15) to base 10
-91953
What is -375927 (base 10) in base 3?
-201002200020
Convert -1b844a (base 13) to base 5.
-140010103
1822017 (base 10) to base 5
431301032
457782 (base 9) to base 13
98093
1724233 (base 11) to base 13
7b94a1
Convert -10011100000110110 (base 2) to base 10.
-79926
What is -100011110001110 (base 2) in base 9?
-27113
6321 (base 13) to base 3
200211000
What is 17b10 (base 13) in base 3?
2022211202
What is -18b2b5 (base 12) in base 11?
-277205
What is 1025002 (base 6) in base 5?
3102310
19f37 (base 16) to base 4
121330313
What is -56827 (base 14) in base 3?
-101200021020
What is 498f3 (base 16) in base 5?
34120144
Convert -1a398 (base 11) to base 3.
-1102222122
Convert -15552541 (base 6) to base 13.
-1676c5
113123313000 (base 4) to base 14
b5cc00
204c1 (base 16) to base 9
221417
-76aa0 (base 13) to base 6
-4335013
What is -423b52 (base 12) in base 2?
-11111110110010101110
Convert -10746270 (base 8) to base 5.
-1100034133
1229c2 (base 13) to base 11
27748a
14112234 (base 6) to base 5
110214113
What is 9caa (base 13) in base 8?
52665
103277 (base 9) to base 4
33000130
-100100100100111 (base 2) to base 14
-6b79
What is 55551 (base 11) in base 4?
103222021
2151a94 (base 11) to base 12
132361a
Convert 431388 (base 9) to base 3.
111001102222
Convert 21955 (base 15) to base 13.
39770
Convert -26110 (base 11) to base 15.
-b135
155023 (base 11) to base 15
4b5c6
Convert -787a (base 11) to base 16.
-2884
e278c (base 15) to base 7
6044661
What is -10624126 (base 7) in base 6?
-31540244
Convert -708512 (base 13) to base 3.
-11220222111222
Convert -167a46 (base 11) to base 4.
-333112102
What is -a1839 (base 12) in base 8?
-632555
Convert 12303310 (base 6) to base 5.
100203323
What is -c7a6 (base 14) in base 9?
-52223
121112021200110 (base 3) to base 12
2b37563
Convert -4264440 (base 8) to base 13.
-30c481
-3130000 (base 5) to base 14
-14c95
-1252223122 (base 6) to base 5
-12311330022
2023030011 (base 4) to base 13
16c662
-467664 (base 14) to base 13
-661577
What is 55313b (base 12) in base 3?
2112202021002
What is 226720 (base 8) in base 4?
102313100
-4783aa (base 11) to base 14
-15a262
13034224 (base 6) to base 4
1213230220
2664034 (base 7) to base 5
42230233
-11010001000100 (base 2) to base 8
-32104
What is 221012201101201 (base 3) in base 4?
303013020310
97e72 (base 15) to base 3
220111212122
What is 1bc2c (base 15) in base 11?
61a96
101010011001110110 (base 2) to base 14
47422
What is 20a993 (base 12) in base 15?
a2ed6
1ba52 (base 13) to base 14
15bdb
What is 334c70 (base 13) in base 6?
41540005
1221111111002 (base 3) to base 16
fc482
-100001100111111100000010 (base 2) to base 3
-121120210222222
Convert 123100023 (base 4) to base 2.
11011010000001011
Convert 21a396 (base 14) to base 13.
30cb95
-2515024 (base 6) to base 3
-20211121121
What is 400a55 (base 16) in base 4?
100000221111
Convert -212220121120 (base 3) to base 13.
-1362c0
What is 203856 (base 10) in base 14?
54412
Convert 134634 (base 16) to base 9.
2334646
What is 1202243 (base 5) in base 7?
121501
What is -437281 (base 10) in base 13?
-124060
-1344303443 (base 5) to base 11
-1a88024
What is -384dd (base 14) in base 11?
-948a8
-132131111123 (base 4) to base 3
-120000122122022
What is -14ed5 (base 15) in base 2?
-10000011110010011
Convert -17342724 (base 9) to base 14.
-1229914
11202202 (base 6) to base 11
214490
Convert 15ca98c (base 14) to base 3.
202011001221202
-56621063 (base 7) to base 15
-67597b
40d01b (base 15) to base 7
35122451
-10111111101111 (base 2) to base 6
-132451
Convert -20c2b8 (base 13) to base 3.
-1110002110202
24541 (base 7) to base 6
45504
208663b (base 12) to base 16
5dd40f
What is 664764 (base 8) in base 2?
110110100111110100
Convert 101001010011000110 (base 2) to base 10.
169158
473f7 (base 16) to base 11
18a291
Convert -210302002 (base 4) to base 7.
-1165144
-4656713 (base 10) to base 8
-21607111
Convert 34528568 (base 9) to base 2.
1000000000010111101011001
101131323132 (base 4) to base 13
c442b9
What is 12852072 (base 10) in base 12?
4379660
Convert 16808c (base 14) to base 4.
3000331330
Convert 55936 (base 11) to base 2.
10011110001011100
Convert 16b3a2 (base 12) to base 2.
1011111111001101010
Convert -34031424 (base 5) to base 3.
-120012010200
Convert -8846002 (base 9) to base 16.
-488c6c
What is -1e4b59 (base 15) in base 8?
-5522630
What is 621205 (base 7) in base 14?
2a93c
3fb1f (base 16) to 